{"id":2,"date":"2015-12-10T10:59:28","date_gmt":"2015-12-10T09:59:28","guid":{"rendered":"http:\/\/rinderdung.de\/wordpress\/?page_id=2"},"modified":"2025-01-22T19:04:11","modified_gmt":"2025-01-22T18:04:11","slug":"beispiel-seite","status":"publish","type":"page","link":"https:\/\/rinderdung.de\/wordpress\/","title":{"rendered":"Zingster Rinderdung"},"content":{"rendered":"<p>unkrautfrei und geruchlos &#8211; ist ein zu 100 Prozent nat\u00fcrlicher und kompostierter D\u00fcnger aus Rindermist.<\/p>\n<p>Jetzt Rinderdung kaufen:<\/p>\n<p><a href=\"http:\/\/rinderdung.de\/wordpress\/?page_id=115\">Kaufen in Mecklenburg-Vorpommern<\/a><\/p>\n<p><a href=\"http:\/\/rinderdung.de\/wordpress\/?page_id=66\">H\u00e4ndlerliste<\/a><\/p>\n","protected":false},"excerpt":{"rendered":"<p>unkrautfrei und geruchlos &#8211; ist ein zu 100 Prozent nat\u00fcrlicher und kompostierter D\u00fcnger aus Rindermist. Jetzt Rinderdung kaufen: Kaufen in Mecklenburg-Vorpommern H\u00e4ndlerliste<\/p>\n","protected":false},"author":1,"featured_media":0,"parent":0,"menu_order":0,"comment_status":"closed","ping_status":"open","template":"","meta":[],"_links":{"self":[{"href":"https:\/\/rinderdung.de\/wordpress\/index.php?rest_route=\/wp\/v2\/pages\/2"}],"collection":[{"href":"https:\/\/rinderdung.de\/wordpress\/index.php?rest_route=\/wp\/v2\/pages"}],"about":[{"href":"https:\/\/rinderdung.de\/wordpress\/index.php?rest_route=\/wp\/v2\/types\/page"}],"author":[{"embeddable":true,"href":"https:\/\/rinderdung.de\/wordpress\/index.php?rest_route=\/wp\/v2\/users\/1"}],"replies":[{"embeddable":true,"href":"https:\/\/rinderdung.de\/wordpress\/index.php?rest_route=%2Fwp%2Fv2%2Fcomments&post=2"}],"version-history":[{"count":16,"href":"https:\/\/rinderdung.de\/wordpress\/index.php?rest_route=\/wp\/v2\/pages\/2\/revisions"}],"predecessor-version":[{"id":3473,"href":"https:\/\/rinderdung.de\/wordpress\/index.php?rest_route=\/wp\/v2\/pages\/2\/revisions\/3473"}],"wp:attachment":[{"href":"https:\/\/rinderdung.de\/wordpress\/index.php?rest_route=%2Fwp%2Fv2%2Fmedia&parent=2"}],"curies":[{"name":"wp","href":"https:\/\/api.w.org\/{rel}","templated":true}]}}